{"id":133,"date":"2019-11-22T09:13:31","date_gmt":"2019-11-22T08:13:31","guid":{"rendered":"http:\/\/gemeinde.ahlerstedt.de\/?page_id=133"},"modified":"2020-06-18T22:04:06","modified_gmt":"2020-06-18T20:04:06","slug":"bokel","status":"publish","type":"page","link":"https:\/\/gemeinde.ahlerstedt.de\/?page_id=133","title":{"rendered":"Bokel"},"content":{"rendered":"\n<p><strong>Bokel <\/strong>hat eine ausgewogene Mischung in der Altersstruktur unter den Bewohnern. Zus\u00e4tzlich gibt es einen vergleichsweise hohen Anteil junger Familien mit vielen Kindern und eine aktive Dorfjugend. Im Dorf ist damit immer etwas los. Der &#8222;Heimatverein Bokel e.V.&#8220; setzt sich aktiv f\u00fcrs Dorfleben ein und organisiert mit seinem j\u00e4hrlichen Aktivit\u00e4tenkalender viele Anl\u00e4sse des Zusammentreffens f\u00fcr Jung und Alt.<\/p>\n\n\n\n<p><strong>Bokels Highlight:<\/strong> \u00dcber die Kreisgrenzen hinweg ist Bokel besonders bekannt f\u00fcr das sehr aktive Vereinsleben rund um den Pferdesport. Der <a href=\"https:\/\/www.reitverein-bokel.de\/\" target=\"_blank\" rel=\"noreferrer noopener\" aria-label=\" (\u00f6ffnet in neuem Tab)\">&#8222;Reit- und Fahrverein Bokel und Umgebung e.V.&#8220;<\/a> ist mit seiner Reitanlage inklusive Reithalle Anziehungspunkt f\u00fcr Reiter, Kutschfahrer und Pferdefans aus nah und fern. Mit der umfangreichen Kinder- und Jugendabteilung wird dem Nachwuchs das Reiten beigebracht &#8211; auf Schulponys oder auf dem eigenen Pferd.&nbsp; &nbsp;<\/p>\n\n\n\n<hr class=\"wp-block-separator has-text-color has-background has-vivid-cyan-blue-background-color has-vivid-cyan-blue-color is-style-wide\"\/>\n\n\n\n<h2 class=\"wp-block-heading\"> Aktuelle Themen Bokel<\/h2>\n\n\n      <div id=\"post-grid-lazy-404\" class=\"post-grid-lazy\"><img decoding=\"async\" alt=\"\" src=\"\" \/><\/div>\n    <script>\n      jQuery('#post-grid-lazy-404').ready(function($) {\n        $('#post-grid-lazy-404').fadeOut();\n        $('#post-grid-404   ').fadeIn();\n      })\n    <\/script>\n    <style type=\"text\/css\">\n      #post-grid-404 {\n        display: none;\n      }\n\n      .post-grid-lazy {\n        text-align: center;\n      }\n    <\/style>\n    <div data-options='{&quot;id&quot;:&quot;404&quot;,&quot;lazy_load&quot;:&quot;yes&quot;,&quot;masonry_enable&quot;:&quot;no&quot;,&quot;view_type&quot;:&quot;grid&quot;}' id=\"post-grid-404\" class=\"post-grid grid\">\n    \n\n\n    <div class=\"grid-items\">\n      <div class=\"item item-32712 skin flat even 0 \">\n        <div class=\"layer-wrapper layout-\">\n        <div class=\"layer-media\"><a href=\"https:\/\/gemeinde.ahlerstedt.de\/?p=32712\"><img decoding=\"async\" alt=\"\" src=\"https:\/\/gemeinde.ahlerstedt.de\/wp-content\/uploads\/2024\/07\/IMG-20240628-WA0004-1024x576.jpg\" \/><\/a><\/div>\n  <div class=\"layer-content\">\n        <div class=\"element element_0  title_link \">\r\n                    <a target=\"\"\r\n                href=\"https:\/\/gemeinde.ahlerstedt.de\/?p=32712\">Jahrestreffen Dorfmoderator*innen am 26.06.2024<\/a>\r\n            <\/div>\r\n    <div class=\"element element_1  excerpt \">\r\n        Das j\u00e4hrliche Treffen aller Dorfmoderator*innen fand im DGH Ahrensmoor statt. Das beauftragte Planungsunternehmen Evers und Partner stellte die gef\u00f6rderten Projekte            <\/div>\r\n            <a class=\"element element_2  read_more \"\r\n            target=\"\"\r\n            href=\"https:\/\/gemeinde.ahlerstedt.de\/?p=32712\"><\/a>\r\n        <div class=\"element element_3  categories \">\r\n        <a target=\"\" href=\"https:\/\/gemeinde.ahlerstedt.de\/?cat=1\">Ahlerstedt<\/a>, <a target=\"\" href=\"https:\/\/gemeinde.ahlerstedt.de\/?cat=40\">Ahrensmoor<\/a>, <a target=\"\" href=\"https:\/\/gemeinde.ahlerstedt.de\/?cat=39\">Ahrenswohlde<\/a>    <\/div>\r\n  <\/div>\n    <\/div>\n  <\/div><div class=\"item item-32707 skin flat odd 1 \">\n        <div class=\"layer-wrapper layout-\">\n        <div class=\"layer-media\"><a href=\"https:\/\/gemeinde.ahlerstedt.de\/?p=32707\"><img decoding=\"async\" src=\"https:\/\/gemeinde.ahlerstedt.de\/wp-content\/uploads\/2024\/07\/IMG-20240710-WA0014-1024x759.jpg\" \/><\/a><\/div>\n  <div class=\"layer-content\">\n        <div class=\"element element_0  title_link \">\r\n                    <a target=\"\"\r\n                href=\"https:\/\/gemeinde.ahlerstedt.de\/?p=32707\">F\u00f6rdergelder f\u00fcr Privatpersonen<\/a>\r\n            <\/div>\r\n    <div class=\"element element_1  excerpt \">\r\n        Was ist f\u00f6rderf\u00e4hig? Als Privatma\u00dfnahmen k\u00f6nnen z.B. Renovierungen von Elementen ortsbildpr\u00e4gender Geb\u00e4ude wie Dacheindeckungen, Dachkonstruktionen, Fassaden, Pflasterungen, T\u00fcren und Tore,            <\/div>\r\n            <a class=\"element element_2  read_more \"\r\n            target=\"\"\r\n            href=\"https:\/\/gemeinde.ahlerstedt.de\/?p=32707\"><\/a>\r\n        <div class=\"element element_3  categories \">\r\n        <a target=\"\" href=\"https:\/\/gemeinde.ahlerstedt.de\/?cat=1\">Ahlerstedt<\/a>, <a target=\"\" href=\"https:\/\/gemeinde.ahlerstedt.de\/?cat=40\">Ahrensmoor<\/a>, <a target=\"\" href=\"https:\/\/gemeinde.ahlerstedt.de\/?cat=39\">Ahrenswohlde<\/a>    <\/div>\r\n  <\/div>\n    <\/div>\n  <\/div><div class=\"item item-32652 skin flat even 2 \">\n        <div class=\"layer-wrapper layout-\">\n        <div class=\"layer-media\"><a href=\"https:\/\/gemeinde.ahlerstedt.de\/?p=32652\"><img decoding=\"async\" alt=\"\" src=\"https:\/\/gemeinde.ahlerstedt.de\/wp-content\/uploads\/2022\/11\/IMG_3399-1-768x1024.jpg\" \/><\/a><\/div>\n  <div class=\"layer-content\">\n        <div class=\"element element_0  title_link \">\r\n                    <a target=\"\"\r\n                href=\"https:\/\/gemeinde.ahlerstedt.de\/?p=32652\">Ahlerstedter M\u00e4rchenrallye<\/a>\r\n            <\/div>\r\n    <div class=\"element element_1  excerpt \">\r\n        Bist du \u201em\u00e4rchensicher\u201c und kennst alle M\u00e4rchen, die auf den sieben M\u00e4rchenbildern in Ahlerstedt abgebildet sind? Diese Frage kann mittlerweile            <\/div>\r\n            <a class=\"element element_2  read_more \"\r\n            target=\"\"\r\n            href=\"https:\/\/gemeinde.ahlerstedt.de\/?p=32652\"><\/a>\r\n        <div class=\"element element_3  categories \">\r\n        <a target=\"\" href=\"https:\/\/gemeinde.ahlerstedt.de\/?cat=1\">Ahlerstedt<\/a>, <a target=\"\" href=\"https:\/\/gemeinde.ahlerstedt.de\/?cat=40\">Ahrensmoor<\/a>, <a target=\"\" href=\"https:\/\/gemeinde.ahlerstedt.de\/?cat=39\">Ahrenswohlde<\/a>    <\/div>\r\n  <\/div>\n    <\/div>\n  <\/div><div class=\"item item-32645 skin flat odd 3 \">\n        <div class=\"layer-wrapper layout-\">\n        <div class=\"layer-media\"><a href=\"https:\/\/gemeinde.ahlerstedt.de\/?p=32645\"><img decoding=\"async\" alt=\"\" src=\"https:\/\/gemeinde.ahlerstedt.de\/wp-content\/uploads\/2022\/11\/Coworking-Titel-Projekt.jpg\" \/><\/a><\/div>\n  <div class=\"layer-content\">\n        <div class=\"element element_0  title_link \">\r\n                    <a target=\"\"\r\n                href=\"https:\/\/gemeinde.ahlerstedt.de\/?p=32645\">Coworking in der Gemeinde Ahlerstedt<\/a>\r\n            <\/div>\r\n    <div class=\"element element_1  excerpt \">\r\n        Gerade in den Jahren 2020 und 2021 wurde das Thema Home-Office brand aktuell.Lohnt es sich, auch in der Gemeinde Ahlerstedt            <\/div>\r\n            <a class=\"element element_2  read_more \"\r\n            target=\"\"\r\n            href=\"https:\/\/gemeinde.ahlerstedt.de\/?p=32645\"><\/a>\r\n        <div class=\"element element_3  categories \">\r\n        <a target=\"\" href=\"https:\/\/gemeinde.ahlerstedt.de\/?cat=1\">Ahlerstedt<\/a>, <a target=\"\" href=\"https:\/\/gemeinde.ahlerstedt.de\/?cat=40\">Ahrensmoor<\/a>, <a target=\"\" href=\"https:\/\/gemeinde.ahlerstedt.de\/?cat=39\">Ahrenswohlde<\/a>    <\/div>\r\n  <\/div>\n    <\/div>\n  <\/div><div class=\"item item-32565 skin flat even 4 \">\n        <div class=\"layer-wrapper layout-\">\n        <div class=\"layer-media\"><a class=\"custom\" href=\"https:\/\/gemeinde.ahlerstedt.de\/?p=32565\"><img decoding=\"async\" src=\"https:\/\/gemeinde.ahlerstedt.de\/wp-content\/plugins\/post-grid\/assets\/images\/placeholder.png\" \/><\/a><\/div>\n  <div class=\"layer-content\">\n        <div class=\"element element_0  title_link \">\r\n                    <a target=\"\"\r\n                href=\"https:\/\/gemeinde.ahlerstedt.de\/?p=32565\">Mittagessen-Transport f\u00fcr Ahlerstedter Kitas gesucht<\/a>\r\n            <\/div>\r\n    <div class=\"element element_1  excerpt \">\r\n        Aufruf: Mitmacher gesuchtSchaffen wir es, die t\u00e4gliche Lieferung der Essensboxen f\u00fcr die Kinder der beiden Ahlerstedter Kitas mit einem Fahrrad-Fahrdienst            <\/div>\r\n            <a class=\"element element_2  read_more \"\r\n            target=\"\"\r\n            href=\"https:\/\/gemeinde.ahlerstedt.de\/?p=32565\"><\/a>\r\n        <div class=\"element element_3  categories \">\r\n        <a target=\"\" href=\"https:\/\/gemeinde.ahlerstedt.de\/?cat=1\">Ahlerstedt<\/a>, <a target=\"\" href=\"https:\/\/gemeinde.ahlerstedt.de\/?cat=40\">Ahrensmoor<\/a>, <a target=\"\" href=\"https:\/\/gemeinde.ahlerstedt.de\/?cat=39\">Ahrenswohlde<\/a>    <\/div>\r\n  <\/div>\n    <\/div>\n  <\/div><div class=\"item item-32570 skin flat odd 5 \">\n        <div class=\"layer-wrapper layout-\">\n        <div class=\"layer-media\"><a href=\"https:\/\/gemeinde.ahlerstedt.de\/?p=32570\"><img decoding=\"async\" alt=\"\" src=\"https:\/\/gemeinde.ahlerstedt.de\/wp-content\/uploads\/2022\/05\/WhatsApp-Image-2022-05-14-at-12.31.52-4.jpeg\" \/><\/a><\/div>\n  <div class=\"layer-content\">\n        <div class=\"element element_0  title_link \">\r\n                    <a target=\"\"\r\n                href=\"https:\/\/gemeinde.ahlerstedt.de\/?p=32570\">Lange erwartet: Es geht los \ud83d\ude42<\/a>\r\n            <\/div>\r\n    <div class=\"element element_1  excerpt \">\r\n        \"Plan-Anerkennungsgespr\u00e4ch\" erfolgreich durchgef\u00fchrt! Am Freitag 6. Mai 2022 trafen sich im Anbau der Festhalle die Dorfmoderatoren mit einigen Vertretern vom            <\/div>\r\n            <a class=\"element element_2  read_more \"\r\n            target=\"\"\r\n            href=\"https:\/\/gemeinde.ahlerstedt.de\/?p=32570\"><\/a>\r\n        <div class=\"element element_3  categories \">\r\n        <a target=\"\" href=\"https:\/\/gemeinde.ahlerstedt.de\/?cat=1\">Ahlerstedt<\/a>, <a target=\"\" href=\"https:\/\/gemeinde.ahlerstedt.de\/?cat=40\">Ahrensmoor<\/a>, <a target=\"\" href=\"https:\/\/gemeinde.ahlerstedt.de\/?cat=39\">Ahrenswohlde<\/a>    <\/div>\r\n  <\/div>\n    <\/div>\n  <\/div><div class=\"item item-32532 skin flat even 6 \">\n        <div class=\"layer-wrapper layout-\">\n        <div class=\"layer-media\"><a href=\"https:\/\/gemeinde.ahlerstedt.de\/?p=32532\"><img decoding=\"async\" alt=\"\" src=\"https:\/\/gemeinde.ahlerstedt.de\/wp-content\/uploads\/2022\/04\/Turm-sellhorn-wangersen-838x1024.jpg\" \/><\/a><\/div>\n  <div class=\"layer-content\">\n        <div class=\"element element_0  title_link \">\r\n                    <a target=\"\"\r\n                href=\"https:\/\/gemeinde.ahlerstedt.de\/?p=32532\">Traumprojekt wird wahr: Turmcaf\u00e9 \ud83d\ude09 April, April<\/a>\r\n            <\/div>\r\n    <div class=\"element element_1  excerpt \">\r\n        Turmcaf\u00e9 - zu sch\u00f6n um wahr zu sein?            <\/div>\r\n            <a class=\"element element_2  read_more \"\r\n            target=\"\"\r\n            href=\"https:\/\/gemeinde.ahlerstedt.de\/?p=32532\"><\/a>\r\n        <div class=\"element element_3  categories \">\r\n        <a target=\"\" href=\"https:\/\/gemeinde.ahlerstedt.de\/?cat=1\">Ahlerstedt<\/a>, <a target=\"\" href=\"https:\/\/gemeinde.ahlerstedt.de\/?cat=40\">Ahrensmoor<\/a>, <a target=\"\" href=\"https:\/\/gemeinde.ahlerstedt.de\/?cat=39\">Ahrenswohlde<\/a>    <\/div>\r\n  <\/div>\n    <\/div>\n  <\/div><div class=\"item item-32515 skin flat odd 7 \">\n        <div class=\"layer-wrapper layout-\">\n        <div class=\"layer-media\"><a href=\"https:\/\/gemeinde.ahlerstedt.de\/?p=32515\"><img decoding=\"async\" alt=\"\" src=\"https:\/\/gemeinde.ahlerstedt.de\/wp-content\/uploads\/2022\/03\/Ahl_Wappen-pdf-724x1024.jpg\" \/><\/a><\/div>\n  <div class=\"layer-content\">\n        <div class=\"element element_0  title_link \">\r\n                    <a target=\"\"\r\n                href=\"https:\/\/gemeinde.ahlerstedt.de\/?p=32515\">Der Entwurf des Dorfentwicklungsplans steht<\/a>\r\n            <\/div>\r\n    <div class=\"element element_1  excerpt \">\r\n        Der Erstentwurf des Dorfentwicklungsplanes wurde von den beteiligten Beratungsb\u00fcros ausgearbeitet und liegt jetzt zur Abstimmung bei der Gemeinde und dem            <\/div>\r\n            <a class=\"element element_2  read_more \"\r\n            target=\"\"\r\n            href=\"https:\/\/gemeinde.ahlerstedt.de\/?p=32515\"><\/a>\r\n        <div class=\"element element_3  categories \">\r\n        <a target=\"\" href=\"https:\/\/gemeinde.ahlerstedt.de\/?cat=1\">Ahlerstedt<\/a>, <a target=\"\" href=\"https:\/\/gemeinde.ahlerstedt.de\/?cat=40\">Ahrensmoor<\/a>, <a target=\"\" href=\"https:\/\/gemeinde.ahlerstedt.de\/?cat=39\">Ahrenswohlde<\/a>    <\/div>\r\n  <\/div>\n    <\/div>\n  <\/div><div class=\"item item-32510 skin flat even 8 \">\n        <div class=\"layer-wrapper layout-\">\n        <div class=\"layer-media\"><a href=\"https:\/\/gemeinde.ahlerstedt.de\/?p=32510\"><img decoding=\"async\" alt=\"\" src=\"https:\/\/gemeinde.ahlerstedt.de\/wp-content\/uploads\/2022\/03\/16_Ueberreichung_Zuwendungs-Bescheid_02-692x1024.jpg\" \/><\/a><\/div>\n  <div class=\"layer-content\">\n        <div class=\"element element_0  title_link \">\r\n                    <a target=\"\"\r\n                href=\"https:\/\/gemeinde.ahlerstedt.de\/?p=32510\">Nieders\u00e4chsische Landwirtschaftsministern Frau Otte-Kinast \u00fcbergibt ersten F\u00f6rdermittelbescheid<\/a>\r\n            <\/div>\r\n    <div class=\"element element_1  excerpt \">\r\n        Es hatte sich hoher Besuch am 18.03.2022 aus Hannover angek\u00fcndigt, denn Frau Otte-Kinast hatte sich angek\u00fcndigt, um den ersten F\u00f6rdermittelbescheid            <\/div>\r\n            <a class=\"element element_2  read_more \"\r\n            target=\"\"\r\n            href=\"https:\/\/gemeinde.ahlerstedt.de\/?p=32510\"><\/a>\r\n        <div class=\"element element_3  categories \">\r\n        <a target=\"\" href=\"https:\/\/gemeinde.ahlerstedt.de\/?cat=1\">Ahlerstedt<\/a>, <a target=\"\" href=\"https:\/\/gemeinde.ahlerstedt.de\/?cat=40\">Ahrensmoor<\/a>, <a target=\"\" href=\"https:\/\/gemeinde.ahlerstedt.de\/?cat=39\">Ahrenswohlde<\/a>    <\/div>\r\n  <\/div>\n    <\/div>\n  <\/div><div class=\"item item-32508 skin flat odd 9 \">\n        <div class=\"layer-wrapper layout-\">\n        <div class=\"layer-media\"><a href=\"https:\/\/gemeinde.ahlerstedt.de\/?p=32508\"><img decoding=\"async\" alt=\"\" src=\"https:\/\/gemeinde.ahlerstedt.de\/wp-content\/uploads\/2021\/05\/AO-Busse-1024x768.jpg\" \/><\/a><\/div>\n  <div class=\"layer-content\">\n        <div class=\"element element_0  title_link \">\r\n                    <a target=\"\"\r\n                href=\"https:\/\/gemeinde.ahlerstedt.de\/?p=32508\">car sharing mit Vereinsbussen von A\/O<\/a>\r\n            <\/div>\r\n    <div class=\"element element_1  excerpt \">\r\n        Der Fu\u00dfballverein SV A\/O\/B\/H\/H setzt mittlerweile auf den schl\u00fcssellosen Zugang der Vereinsbusse via App. Da die Busse h\u00e4ufig ungenutzt auf            <\/div>\r\n            <a class=\"element element_2  read_more \"\r\n            target=\"\"\r\n            href=\"https:\/\/gemeinde.ahlerstedt.de\/?p=32508\"><\/a>\r\n        <div class=\"element element_3  categories \">\r\n        <a target=\"\" href=\"https:\/\/gemeinde.ahlerstedt.de\/?cat=1\">Ahlerstedt<\/a>, <a target=\"\" href=\"https:\/\/gemeinde.ahlerstedt.de\/?cat=40\">Ahrensmoor<\/a>, <a target=\"\" href=\"https:\/\/gemeinde.ahlerstedt.de\/?cat=39\">Ahrenswohlde<\/a>    <\/div>\r\n  <\/div>\n    <\/div>\n  <\/div>    <\/div>\n    <div class=\"pagination\">\n      <div class=\"paginate\">\n    <span aria-current=\"page\" class=\"page-numbers current\">1<\/span>\n<a class=\"page-numbers\" href=\"https:\/\/gemeinde.ahlerstedt.de\/index.php?rest_route=%2Fwp%2Fv2%2Fpages%2F133&#038;paged=2\">2<\/a>\n<a class=\"page-numbers\" href=\"https:\/\/gemeinde.ahlerstedt.de\/index.php?rest_route=%2Fwp%2Fv2%2Fpages%2F133&#038;paged=3\">3<\/a>\n<span class=\"page-numbers dots\">&hellip;<\/span>\n<a class=\"page-numbers\" href=\"https:\/\/gemeinde.ahlerstedt.de\/index.php?rest_route=%2Fwp%2Fv2%2Fpages%2F133&#038;paged=5\">5<\/a>\n<a class=\"next page-numbers\" href=\"https:\/\/gemeinde.ahlerstedt.de\/index.php?rest_route=%2Fwp%2Fv2%2Fpages%2F133&#038;paged=2\">Next \u00bb<\/a>  <\/div>\n  <style type=\"text\/css\">\n    #post-grid-404 .pagination .page-numbers {\n      font-size: 16px;\n      color: #fff;\n      background: #646464;\n    }\n\n    #post-grid-404 .pagination .page-numbers:hover,\n    #post-grid-404 .pagination .page-numbers.current {\n      background: #4b4b4b;\n    }\n  <\/style>\n  <\/div>\n      <script>\n          <\/script>\n    <style type=\"text\/css\">\n    #post-grid-404 .element_0 {\n      display: block;font-size: 21px;line-height: normal;padding: 5px 10px;text-align: center;text-decoration: none;    }\n\n    #post-grid-404 .element_1 {\n      display: block;font-size: 14px;padding: 5px 10px;text-align: center;    }\n\n    #post-grid-404 .element_2 {\n      display: block;font-size: 12px;font-weight: bold;padding: 0 10px;text-align: center;    }\n\n    #post-grid-404 .element_3a {\n      display: block;font-size: 13px;line-height: normal;padding: 5px 10px;text-align: left;    }\n\n    #post-grid-404 .element_0:hover{}#post-grid-404 .element_1:hover{}#post-grid-404 .element_2:hover{}#post-grid-404 .element_3:hover{}  <\/style>\n  <style type=\"text\/css\">\n    #post-grid-404 {\n      padding: 10px;\n          }\n\n    #post-grid-404 .item {\n      padding: 0px;\n      background: #ededed;\n          }\n\n    #post-grid-404 .item .layer-media {\n      height:auto;    }\n\n    @media only screen and (min-width: 0px) and (max-width: 767px) {\n      #post-grid-404 .grid-items {\n        text-align: center;\n              }\n\n      #post-grid-404 .item {\n        width: 90%;\n        margin: 10px;\n        display: inline-block;\n        vertical-align: top;\n        height:auto;      }\n    }\n\n    @media only screen and (min-width: 768px) and (max-width: 1023px) {\n      #post-grid-404 .grid-items {\n        text-align: center;\n              }\n\n      #post-grid-404 .item {\n        width: 280px;\n        margin: 10px;\n        display: inline-block;\n        vertical-align: top;\n        max-height:auto;      }\n    }\n\n    @media only screen and (min-width: 1024px) {\n      #post-grid-404 .grid-items {\n        text-align: center;\n              }\n\n      #post-grid-404 .item {\n        width: 280px;\n        display: inline-block;\n        margin: 10px;\n        vertical-align: top;\n        height:auto;      }\n    }\n\n      <\/style>\n  <\/div>\n\n","protected":false},"excerpt":{"rendered":"<p>Bokel hat eine ausgewogene Mischung in der Altersstruktur unter den Bewohnern. Zus\u00e4tzlich gibt es einen vergleichsweise hohen Anteil junger Familien mit vielen Kindern und eine aktive Dorfjugend. Im Dorf ist damit immer etwas los. Der &#8222;Heimatverein Bokel e.V.&#8220; setzt sich aktiv f\u00fcrs Dorfleben ein und organisiert mit seinem j\u00e4hrlichen Aktivit\u00e4tenkalender viele Anl\u00e4sse des Zusammentreffens&#8230;<\/p>\n<p class=\"read-more\"><a class=\"btn btn-default\" href=\"https:\/\/gemeinde.ahlerstedt.de\/?p=32712\">Weiterlesen<span class=\"screen-reader-text\"> Weiterlesen<\/span><\/a><\/p>\n","protected":false},"author":2,"featured_media":0,"parent":104,"menu_order":0,"comment_status":"closed","ping_status":"closed","template":"","meta":{"_uag_custom_page_level_css":"","footnotes":""},"class_list":["post-133","page","type-page","status-publish","hentry"],"uagb_featured_image_src":{"full":false,"thumbnail":false,"medium":false,"medium_large":false,"large":false,"1536x1536":false,"2048x2048":false,"post-thumbnail":false,"nisargpro-full-width":false},"uagb_author_info":{"display_name":"S\u00f6ren Arndt","author_link":"https:\/\/gemeinde.ahlerstedt.de\/?author=2"},"uagb_comment_info":0,"uagb_excerpt":"Bokel hat eine ausgewogene Mischung in der Altersstruktur unter den Bewohnern. Zus\u00e4tzlich gibt es einen vergleichsweise hohen Anteil junger Familien mit vielen Kindern und eine aktive Dorfjugend. Im Dorf ist damit immer etwas los. Der &#8222;Heimatverein Bokel e.V.&#8220; setzt sich aktiv f\u00fcrs Dorfleben ein und organisiert mit seinem j\u00e4hrlichen Aktivit\u00e4tenkalender viele Anl\u00e4sse des Zusammentreffens...Weiterlesen Weiterlesen","_links":{"self":[{"href":"https:\/\/gemeinde.ahlerstedt.de\/index.php?rest_route=\/wp\/v2\/pages\/133","targetHints":{"allow":["GET"]}}],"collection":[{"href":"https:\/\/gemeinde.ahlerstedt.de\/index.php?rest_route=\/wp\/v2\/pages"}],"about":[{"href":"https:\/\/gemeinde.ahlerstedt.de\/index.php?rest_route=\/wp\/v2\/types\/page"}],"author":[{"embeddable":true,"href":"https:\/\/gemeinde.ahlerstedt.de\/index.php?rest_route=\/wp\/v2\/users\/2"}],"replies":[{"embeddable":true,"href":"https:\/\/gemeinde.ahlerstedt.de\/index.php?rest_route=%2Fwp%2Fv2%2Fcomments&post=133"}],"version-history":[{"count":12,"href":"https:\/\/gemeinde.ahlerstedt.de\/index.php?rest_route=\/wp\/v2\/pages\/133\/revisions"}],"predecessor-version":[{"id":29455,"href":"https:\/\/gemeinde.ahlerstedt.de\/index.php?rest_route=\/wp\/v2\/pages\/133\/revisions\/29455"}],"up":[{"embeddable":true,"href":"https:\/\/gemeinde.ahlerstedt.de\/index.php?rest_route=\/wp\/v2\/pages\/104"}],"wp:attachment":[{"href":"https:\/\/gemeinde.ahlerstedt.de\/index.php?rest_route=%2Fwp%2Fv2%2Fmedia&parent=133"}],"curies":[{"name":"wp","href":"https:\/\/api.w.org\/{rel}","templated":true}]}}